c = t - s. List the prime factors of c.
71
Suppose 68*v - 65*v + 72911 = 2*a, 0 = 4*a - 5*v - 145825. List the prime factors of a.
2, 5, 1823
Suppose -364 = 34*o - 41*o. What are the prime factors of (-1)/(-3)*(-1131)/o*-148?
29, 37
Let v = -35575 - -96360. What are the prime factors of v?
5, 12157
Let d(f) = 714*f - 5663. What are the prime factors of d(62)?
5, 7, 1103
What are the prime factors of 35*(1 + 5) - (-24)/(-8)?
3, 23
Let b = 19973 + -12511. List the prime factors of b.
2, 7, 13, 41
List the prime factors of 6/(-3)*((-12077)/1 - -3).
2, 6037
Let z(n) = 2*n - 8. Let m be z(9). Let a be m/4*(-10)/5*-1. Let v(u) = 3*u**2 + 5*u - 14. What are the prime factors of v(a)?
2, 43
Suppose 0 = i + 2*v - 34734 + 4461, 0 = 4*i + 3*v - 121097. What are the prime factors of i?
5, 7, 173
Let w = 4667 + -668. What are the prime factors of w?
3, 31, 43
Let h(d) = 30 - 12 - 12 + 55*d. What are the prime factors of h(5)?
281
Let j = -250 - -259. What are the prime factors of 54 + j + (3 - 5)?
61
Let v(o) = o**2 + 4*o - 17. Let d be v(-7). Suppose 2*p - 290 = 3*t - 5*t, d*t + p = 580. Let w = t + -80. List the prime factors of w.
5, 13
Let c be (-24)/(-4)*23/(-3). Suppose -2*l + 301 = -3*j - 2*j, j = 5*l - 51. Let d = c - j. What are the prime factors of d?
3, 5
Let n(g) = 2*g**3 + 3*g**2 - g + 4. Suppose -6*b + 2*r = -3*b + 19, -4*r = 5*b - 5. Let l be n(b). What are the prime factors of 295*((-36)/l)/3?
3, 59
Suppose -3*f + 1242 = -351. Let x = -296 + f. What are the prime factors of x?
5, 47
Suppose -y - 27*v + 26*v = -6252, -v - 18736 = -3*y. List the prime factors of y.
6247
Let d = -163 - -93. Let l = d - -70. Suppose l = -r + 46 + 84. List the prime factors of r.
2, 5, 13
Let v = -15470 - -25785. What are the prime factors of v?
5, 2063
Suppose 5*n + 12318 = 2*y - 5829, y + 2*n = 9051. Suppose 205 = -18*o + y. What are the prime factors of o?
2, 3, 41
Let b = 116 + -122. Let h = b + 29. List the prime factors of h.
23
Suppose 2*t - 18 = 3*t. Let o be 9/2*10/(-15). What are the prime factors of t/(-8)*(-4)/o?
3
Let w(x) = -17*x + 10. Let n(j) = -2*j**3 - 2*j + 6. Let a be n(2). What are the prime factors of w(a)?
2, 31
Suppose 3*z + 25 = 2*k - 2*z, 5*z = -3*k - 25. Suppose 98 = f + 4*s + 18, k = -3*s + 3. What are the prime factors of f?
2, 19
List the prime factors of 1148430/21 - (-144)/168.
2, 1709
Suppose 2*c = r - 15005, -5*c = r - 10558 - 4412. What are the prime factors of r?
5, 2999
Suppose -5*k - 2*c + 306 = 0, -k - 4*c + 60 = -3*c. Suppose -57*r - 1635 = -k*r. What are the prime factors of r?
3, 109
Suppose 17*s = 12*s + 20. Suppose -5*m - 2115 = -5*z, -224 - 184 = -z + s*m. Suppose -4*k - 2*p = -z, -3*p - p = 4*k - 436. List the prime factors of k.
3, 5, 7
Let u(a) = -a**2 - 9*a + 4. Let z be (1*-1)/4 - 450/120. Let i be u(z). Suppose -t + i = -30. List the prime factors of t.
2, 3
Let m(i) = 15*i**2 + 85 + 35*i + 20*i**2 - 36*i**2. What are the prime factors of m(31)?
11, 19
What are the prime factors of ((2405 - 8) + -8)/((184/80)/23)?
2, 5, 2389
Let d = -18123 + 38485. What are the prime factors of d?
2, 10181
Suppose m = j + 317 + 151, -3*m = 4*j + 1858. Let x be -264 + 1/(3/(-6)). Let k = x - j. What are the prime factors of k?
2, 5
Let p = 338 + -521. Let q = p + 895. What are the prime factors of q?
2, 89
Let f be (-3*1 - -2)*(-2487 + -10). Suppose 11*u + f = -0*u. Let c = 377 + u. List the prime factors of c.
2, 3, 5
Suppose -3*h = 3*x - 3, 7*x - 4 = 2*h + 11*x. Suppose 1272 = h*z - s, -112 - 211 = -z - s. List the prime factors of z.
11, 29
Suppose -3*n = 3*o - 2583, n - o + 156 - 1009 = 0. List the prime factors of n.
857
Let d = 12 - 6. Suppose d*l = 5*l + 16. Suppose -12*p + l*p - 36 = 0. What are the prime factors of p?
3
Let r = 3973 - 1624. What are the prime factors of r?
3, 29
Suppose 221482 + 869425 + 331261 = 22*u. What are the prime factors of u?
2, 3, 5387
Let n = 7204 - -990. List the prime factors of n.
2, 17, 241
Let t = -14203 + 27853. Suppose 4*c - 17*c = -t. What are the prime factors of c?
2, 3, 5, 7
Let k be ((-6)/4)/((-511)/70 - -7). Let w be 2/6 - (-38)/(-6). List the prime factors of ((-3)/w)/(k/370).
37
Suppose -1219*p + 1224*p + 2*n = 24609, 2*n + 24621 = 5*p. List the prime factors of p.
3, 547
Let x(i) = 108*i**2 - 2*i - 126. What are the prime factors of x(-9)?
2, 3, 5
Let r(u) = 65*u + 95. Suppose -32*g + 72 = -23*g. What are the prime factors of r(g)?
3, 5, 41
Let n = -147 - -150. List the prime factors of (-676)/(-4)*3 + (n - 0).
2, 3, 5, 17
Suppose -7*z + 8 = -5*z. Suppose 2*a = 2*y + 392, -a - 590 = -z*a + y. Suppose -3*i = -a + 62. What are the prime factors of i?
3, 5
Let u(z) = 63*z**3 + 6*z**2 + 44*z - 263. List the prime factors of u(6).
5, 7, 79
Suppose 1 = 13*s - 25. Suppose 3*v + 15 = 0, 47*k - 46*k = -s*v + 1321. What are the prime factors of k?
11
Let s = -35 - -50. Suppose -3*j + s = 3. Suppose -j*w + 2*v = -240, 3*v - v = -4. List the prime factors of w.
59
Let s(q) = q**2 - 8*q + 7. Let m be s(8). Let r(u) = u - 309*u**3 + 310*u**3 - m*u - 1 - 7*u**2. What are the prime factors of r(8)?
3, 5
Let p = -1064 + 439. Let t = 2164 + p. List the prime factors of t.
3, 19
Let b(l) = 2*l**2 + 2*l. Let z be b(-2). Let w(f) = z - 12 + 5*f - 6. What are the prime factors of w(14)?
2, 7
Suppose -586891 = -87*p + 377330. What are the prime factors of p?
11083
Suppose -k = 3*k - h - 110392, -3*k - h = -82787. List the prime factors of k.
3, 9199
Suppose -i = -w - 357, -2*w - 757 = -3*i - 38. Let j = 119 - w. What are the prime factors of j?
3, 157
Suppose -2*m - 5*k = -513, -2*m + 0*k - 2*k = -510. List the prime factors of m.
2, 127
Suppose 2*a - 2*y = -6454 + 21128, -a - 4*y = -7352. What are the prime factors of a?
2, 5, 367
Let h(m) = m + 3. Let a be h(6). Let p(y) = y**3 - 7*y**2 - 17*y + 47. List the prime factors of p(a).
2, 7
Suppose 5 = -c, -2*z + 2*c = -c - 93. Let s = z + -35. Suppose 3 = -3*f, 3*r - s*f = -2*r + 779. List the prime factors of r.
5, 31
Let v = 4 + 1. Let i(h) = -24*h**2 + 17*h**2 + 9*h - 4 + 0 + 6*h**2. What are the prime factors of i(v)?
2
Suppose 91523 = 12*k + 15263. List the prime factors of k.
5, 31, 41
Suppose -2308*x = -2309*x + 5020. What are the prime factors of x?
2, 5, 251
Suppose 0 = 12*f - 4 - 56. Suppose -2*p + f*q = -25, 15 = -3*p + 5*p - 3*q. Let t = 9 + p. List the prime factors of t.
3
Suppose 8*o - 34*o + 8944 = 0. What are the prime factors of o?
2, 43
Suppose 3*c + a - 45889 = 0, -440*c - a = -438*c - 30591. List the prime factors of c.
2, 7649
Suppose -2*s + 4*g + 5619 = -11685, -4*s + 34629 = -g. List the prime factors of s.
2, 3, 13, 37
Let l = 89 + -86. Let w(t) = 142*t - 86. List the prime factors of w(l).
2, 5, 17
Let h(c) = -4*c + 45. Let j be h(9). Let g be 12/j*(39 + 0). Suppose 3*v - g = 2*y, 4*v = -0*v - 2*y + 46. What are the prime factors of v?
2, 7
Suppose -3*h + 2*h - 541 = 2*l, -815 = 3*l + 5*h. Let k = -652 - l. Let j = k + 548. What are the prime factors of j?
2, 83
Let s(u) = -37*u + 69. Let a be s(2). What are the prime factors of (-15 - 38)*(-3 - a)/(-2)?
53
Let c = -34 - -24. Let i be c/(-15)*369 + 1 + -2. Suppose 3*t + 47 - i = 0. List the prime factors of t.
2, 3, 11
Let t = -174 + 177. Suppose -5*j - 3*x = -6089, 2*j - 2*x = -t*j + 6099. What are the prime factors of j?
23, 53
Let z = 102 + -96. Let i be 224/6 + -5 + (-2)/z. Suppose -i = -t + 4*p, 3*p = -3*t - 53 + 149. What are the prime factors of t?
2
Let a(c) = -6121*c + 3562. List the prime factors of a(-6).
2, 1259
Suppose -5*u + 4*n = -2*u - 472, 3*n = u - 164. List the prime factors of u - 3/6*(-60)/6.
157
Suppose -55*u + 20 = -51*u. Suppose -2*l - 1220 = -u*x + 3*l, 4*x - 3*l = 981. What are the prime factors of x?
3, 83
List the prime factors of (4 + (-7899)/63)*18*(-322)/23.
2, 3, 2549
Suppose f = 4*f - 1662. Let n = f + -356. Suppose 5*p - 45 = -3*o + 126, 3*o - n = 4*p. List the prime factors of o.
2, 31
Let l be (-8)/44 + 171/33. Suppose 23 = l*z - 7. Let o(s) = s**2 + 3*s - 19. List the prime factors of o(z).
5, 7
Suppose 0*c - 11*c = -2*c. Let l = 15 + -9. Suppose c = -4*o + 6 + l. List the prime factors of o.
3
Let z = -1376 + 18823. List the prime factors of z.
73, 239
Suppose -3*l = 4*p + 205, -2*l + p + 4*p - 175 = 0. Let q = 78 + l. Suppose 5*g - 8